What is 2201100010 (base 4) in base 16?
a1404
Convert -1021202222220 (base 3) to base 15.
-d7c53
What is 31a864 (base 12) in base 8?
2776514
What is -123103 (base 8) in base 16?
-a643
Convert 58211 (base 14) to base 7.
1552121
Convert -d6950e (base 16) to base 3.
-222110110121202
What is -561393 (base 11) in base 13?
-254433
-109631 (base 10) to base 13
-3ab92
Convert -8c42d3 (base 15) to base 7.
-110630520
What is e27e8e (base 15) in base 16?
a42cf1
Convert 662013 (base 7) to base 14.
3037a
What is 1011324410 (base 5) in base 13?
570a1a
Convert -11111000111111110 (base 2) to base 3.
-20110212201
Convert 4eeda (base 16) to base 5.
40321130
-311031002 (base 4) to base 6
-4400522
Convert 3180b0 (base 14) to base 5.
412031434
Convert 321343 (base 6) to base 5.
1320041
-218103 (base 14) to base 3
-2010201121001
Convert -5160a (base 11) to base 15.
-17482
11210020 (base 5) to base 6
2053523
What is -300673 (base 13) in base 16?
-11036b
Convert 54521 (base 14) to base 16.
31d21
What is -10a6d2 (base 14) in base 7?
-4546652
Convert 10110000011000101101011 (base 2) to base 4.
112003011223
Convert -11100003013 (base 4) to base 16.
-1500c7
What is -1c3982 (base 13) in base 2?
-10110000010101000011
What is 6de76 (base 15) in base 10?
350886
321225 (base 6) to base 16
6671
-233313320210 (base 4) to base 12
-4252658
Convert 43013244 (base 5) to base 12.
154715
What is 266b43 (base 16) in base 4?
21212231003
What is -3338902 (base 10) in base 13?
-8cb9a8
Convert -20144120 (base 5) to base 6.
-3251522
-4643978 (base 10) to base 8
-21556212
Convert -52510 (base 6) to base 14.
-2830
309793 (base 15) to base 2
1000110100000001000101
What is 277714 (base 9) in base 14?
45bc0
Convert 194a370 (base 11) to base 15.
450c09
Convert -3314029 (base 11) to base 7.
-100310416
-17603 (base 8) to base 7
-32343
What is -223304231 (base 5) in base 15?
-14992b
Convert -d4eb (base 16) to base 11.
-37a52
Convert -23395 (base 11) to base 7.
-200242
What is 210611 (base 12) in base 3?
222101022111
What is -2235531 (base 7) in base 8?
-1037121
What is -397540 (base 12) in base 8?
-3467500
-10400141421 (base 5) to base 10
-11333986
1010111010110101101 (base 2) to base 6
11400301
404347 (base 8) to base 3
20202220221
What is 931772 (base 15) in base 14?
cddbd1
Convert 58165 (base 14) to base 11.
137024
Convert -2103211201 (base 4) to base 15.
-be1ad
What is 100301130 (base 4) in base 11?
47685
Convert 147f4b (base 16) to base 14.
26d787
What is 132010330 (base 4) in base 11?
84617
What is 4323133 (base 5) in base 13?
27622
-2301311 (base 5) to base 2
-1001111101111111
What is 7432c (base 14) in base 3?
112020210111
Convert -1022034 (base 8) to base 9.
-453242
Convert 20234324 (base 5) to base 2.
101000010001100100
-192955 (base 11) to base 16
-486b7
What is 10201112120011 (base 3) in base 9?
3645504
-33313 (base 11) to base 13
-18c9b
What is -11100000000101000101101 (base 2) in base 16?
-700a2d
What is 1775270 (base 8) in base 7?
4305411
Convert -12002000121112 (base 3) to base 4.
-22102130321
Convert -1677096 (base 12) to base 13.
-c643c5
11102202021112 (base 3) to base 12
958058
106787 (base 10) to base 15
21992
What is 10222210111 (base 3) in base 7?
445051
c8c7 (base 15) to base 13
16453
1323522223 (base 6) to base 8
74375307
1646301 (base 7) to base 13
80a96
42c108 (base 14) to base 6
120244444
What is 6021844 (base 10) in base 4?
112332023110
Convert -834954 (base 13) to base 14.
-59b6cd
-66805 (base 14) to base 10
-248533
160393 (base 12) to base 3
200222202010
What is 305056 (base 7) in base 9?
78514
Convert -123164 (base 12) to base 10.
-295708
-204410320 (base 5) to base 16
-d1380
Convert 1a5514 (base 15) to base 5.
312034034
What is -1000120301 (base 5) in base 14?
-38d58c
-997d7 (base 15) to base 16
-77161
-11001110112202 (base 3) to base 4
-20032001201
What is -351252 (base 7) in base 2?
-1111010110111000
What is -10313343323 (base 5) in base 3?
-202211122211012
Convert 70827 (base 15) to base 11.
22369a
What is -83b119 (base 12) in base 6?
-112224433
-1012204020 (base 5) to base 7
-23405554
14333242 (base 8) to base 9
6115140
What is 1212110022002 (base 3) in base 7?
11304245
-322064 (base 8) to base 4
-122100310
-3b77 (base 15) to base 7
-52030
Convert -10021210020 (base 3) to base 13.
-235cb
21022125 (base 7) to base 5
423122131
-226521345 (base 7) to base 9
-28254810
1456405 (base 7) to base 8
604745
Convert -1993041 (base 10) to base 13.
-54a21b
34231334 (base 5) to base 16
4a843
What is -167a09d (base 14) in base 11?
-626a296
-12a1b (base 12) to base 10
-25655
207338 (base 9) to base 6
2351355
354411 (base 10) to base 3
200000011100
What is 1000143 (base 5) in base 10?
15673
-450e5 (base 15) to base 12
-a70b2
90349a (base 12) to base 15
2e5461
79cb5 (base 13) to base 8
661264
What is -3596229 (base 10) in base 11?
-203699a
-80345 (base 10) to base 11
-55401
-8705b (base 12) to base 4
-223132013
-111202022111200 (base 3) to base 8
-33702462
Convert 1110110110011101000 (base 2) to base 9.
821472
62025105 (base 8) to base 5
11324234041
-34225321 (base 6) to base 9
-1863474
Convert 21143132 (base 5) to base 9.
301045
Convert -20341110 (base 5) to base 14.
-45480
What is -101111011001 (base 2) in base 15?
-d73
13010232210 (base 4) to base 14
363b12
Convert -11202212012112 (base 3) to base 10.
-2536340
Convert -8354 (base 9) to base 3.
-22101211
What is 1d2dd3d (base 14) in base 2?
110111110101010101000011
Convert -1892e (base 16) to base 7.
-566311
What is 1243b89 (base 12) in base 9?
6645776
Convert -275644 (base 13) to base 4.
-3221003020
-161024 (base 7) to base 12
-16332
736542 (base 8) to base 13
87731
Convert -30111002 (base 4) to base 7.
-300140
20545231 (base 8) to base 9
8211401
-11110011110110010111000 (base 2) to base 8
-36366270
1536328 (base 11) to base 2
1010000001110111111110
Convert 2102304213 (base 5) to base 4.
100203012022
Convert b0a40 (base 13) to base 9.
531314
21011101012022 (base 3) to base 9
7141168
-3201211121 (base 4) to base 16
-e1959
1d94c (base 16) to base 2
11101100101001100
What is 2c3569 (base 14) in base 5?
343432240
-b9088b (base 14) to base 16
-5f92cb
255562 (base 7) to base 13
188a4
What is -441a098 (base 11) in base 12?
-2721a62
16006851 (base 9) to base 15
a786dd
What is 120210120211 (base 3) in base 13?
ab718
124302333 (base 6) to base 14
47ac01
What is 1002011022100 (base 3) in base 9?
1064270
114634 (base 7) to base 16
51a3
Convert -592db (base 15) to base 2.
-1000101010111111100
Convert 30433 (base 11) to base 8.
126633
10200112202 (base 3) to base 8
215571
Convert -868634 (base 9) to base 10.
-518107
Convert -1167543 (base 8) to base 5.
-40322202
146354 (base 7) to base 13
10073
What is -2254340 (base 6) in base 2?
-11100011001110100
1201112220 (base 3) to base 15
a0c6
Convert -1044364 (base 10) to base 6.
-34215004
Convert 11030001111 (base 4) to base 10.
1359957
Convert 2467022 (base 8) to base 9.
1251566
1f50ef (base 16) to base 4
13311003233
173545 (base 8) to base 2
1111011101100101
Convert 984a (base 13) to base 14.
7a15
-212044252 (base 6) to base 13
-a0b911
Convert 10000011000 (base 3) to base 14.
177b7
What is -130955 (base 10) in base 12?
-6394b
Convert 381f1f (base 16) to base 7.
43155661
-42601e (base 16) to base 4
-100212000132
What is 1501531 (base 6) in base 8?
247677
What is 21121122210 (base 3) in base 9?
247583
What is 4232112231 (base 5) in base 7?
135223636
Convert -1264555 (base 7) to base 5.
-20323301
Convert 1110001000010110 (base 2) to base 10.
57878
Convert -a879 (base 11) to base 8.
-34034
What is 55857d (base 15) in base 8?
17435243
Convert -11100210110 (base 3) to base 8.
-247560
What is -1141511543 (base 6) in base 3?
-220101122200200
What is 20003030121 (base 4) in base 7?
23636166
-13120333331 (base 4) to base 6
-105305245
Convert 75e9 (base 16) to base 4.
13113221
What is -1118d (base 14) in base 7?
-231636
What is -1650547 (base 8) in base 9?
-810778
320a5 (base 13) to base 14
24c3a
-12010230101 (base 4) to base 14
-2d62c1
What is -116433313 (base 7) in base 3?
-111212102112121
What is 36078 (base 15) in base 14?
46aaa
3364024 (base 8) to base 12
37b504
-23110123300 (base 4) to base 16
-2d46f0
Convert 312102223 (base 7) to base 15.
192d337
Convert 2062607 (base 8) to base 15.
ad0a4
What i